6?
True
Does 1231 divide 18034150?
True
Is 471 a factor of 69289431?
False
Is 19 a factor of 373508346?
True
Does 6 divide 134564860?
False
Does 31 divide 387352967?
True
Is 205136889 a multiple of 1713?
True
Does 84 divide 122732716?
False
Is 355313308 a multiple of 71?
False
Does 1452 divide 3916977636?
True
Does 2027 divide 145889271?
True
Is 30207087 a multiple of 230?
False
Does 9 divide 9732402?
True
Is 60142992 a multiple of 1456?
True
Is 202164928 a multiple of 2488?
True
Is 218821635 a multiple of 15?
True
Is 259026438 a multiple of 22?
True
Does 914 divide 53809458?
False
Is 177505356 a multiple of 12?
True
Is 159 a factor of 631200034?
False
Is 370596990 a multiple of 10?
True
Is 1367529703 a multiple of 6?
False
Does 3 divide 2977023?
True
Is 4123 a factor of 477516380?
False
Is 452886234 a multiple of 3?
True
Does 4067 divide 137432064?
True
Does 651 divide 417446589?
True
Does 572 divide 72635524?
False
Does 26 divide 27833425?
False
Is 2281702146 a multiple of 330?
False
Is 90 a factor of 1267175029?
False
Is 1180 a factor of 3317127500?
True
Is 110748945 a multiple of 2085?
True
Does 143 divide 910669265?
False
Does 2 divide 16557723?
False
Is 38 a factor of 255003?
False
Does 30 divide 19542270?
True
Is 149257846 a multiple of 6045?
False
Is 139 a factor of 38741802?
True
Does 49 divide 68601666?
True
Is 38981855 a multiple of 18?
False
Does 25 divide 129829800?
True
Does 1321 divide 34482326?
False
Does 1522 divide 193044367?
False
Is 14 a factor of 882291116?
True
Does 23 divide 2659985299?
False
Is 2 a factor of 14053263?
False
Is 359 a factor of 18676257?
True
Is 1440 a factor of 782413920?
True
Does 74 divide 1077300106?
False
Is 244 a factor of 72468123?
False
Is 728 a factor of 27523327?
False
Is 13 a factor of 619505406?
True
Does 5918 divide 801960571?
False
Does 1481 divide 130036398?
False
Does 705 divide 1020135?
True
Is 342923943 a multiple of 317?
True
Is 2953642248 a multiple of 8?
True
Is 1643027851 a multiple of 19?
False
Is 154245494 a multiple of 2066?
True
Is 123517416 a multiple of 245?
False
Is 41113274 a multiple of 6?
False
Is 8 a factor of 95691016?
True
Does 10 divide 26219470?
True
Is 206 a factor of 112169472?
True
Is 130 a factor of 119158076?
False
Is 2670159 a multiple of 2?
False
Is 547 a factor of 7044050?
False
Is 91941600 a multiple of 5?
True
Does 198 divide 21320412?
False
Is 6924381 a multiple of 103?
True
Is 3276640132 a multiple of 5002?
True
Is 80 a factor of 310445856?
False
Does 48 divide 394664832?
True
Is 9718 a factor of 604916346?
True
Is 6647704 a multiple of 3?
False
Does 843 divide 103939371?
True
Is 369 a factor of 12653748?
True
Is 170 a factor of 33236870?
True
Is 10500966 a multiple of 175?
False
Does 1412 divide 1897024777?
False
Is 37 a factor of 5240791?
True
Is 14 a factor of 5632130?
True
Is 1883069 a multiple of 250?
False
Is 259 a factor of 29448300?
True
Does 1371 divide 24780825?
True
Is 2788 a factor of 79009132?
True
Is 224 a factor of 142623738?
False
Is 2139738461 a multiple of 92?
False
Is 243775602 a multiple of 189?
True
Does 738 divide 7103250?
True
Is 20016052 a multiple of 265?
False
Is 10 a factor of 9783593?
False
Is 1929927952 a multiple of 83?
True
Is 4449 a factor of 534926504?
False
Is 4085610 a multiple of 15?
True
Does 2 divide 15455164?
True
Is 3919 a factor of 364429271?
False
Does 51 divide 1110853185?
True
Is 285 a factor of 19985625?
True
Does 132 divide 128079204?
True
Is 145 a factor of 1257468382?
False
Is 2033504965 a multiple of 355?
True
Is 8 a factor of 1319073160?
True
Is 12 a factor of 12083676?
True
Does 3 divide 2245186?
False
Is 3530105775 a multiple of 70?
False
Does 197 divide 319823400?
False
Is 7 a factor of 627696403?
False
Is 2390972824 a multiple of 18?
False
Is 9 a factor of 96557085?
True
Is 9035 a factor of 4140153225?
True
Is 3791027879 a multiple of 103?
False
Is 4347 a factor of 1241359749?
True
Is 72 a factor of 50068296?
True
Does 2859 divide 191727138?
False
Does 91 divide 183960355?
False
Is 621064980 a multiple of 66?
False
Is 13 a factor of 102338119?
True
Does 528 divide 21317709?
False
Is 23 a factor of 1209947867?
True
Does 39 divide 78557805?
False
Is 30048493 a multiple of 300?
False
Does 299 divide 650958520?
False
Does 513 divide 7745274?
True
Is 23342120 a multiple of 215?
True
Does 11 divide 1732292287?
True
Does 27 divide 51035562?
True
Is 27831499 a multiple of 348?
False
Does 635 divide 15130780?
True
Is 3450156361 a multiple of 709?
True
Is 37072016 a multiple of 8?
True
Is 25 a factor of 570044300?
True
Is 46732574 a multiple of 146?
False
Does 205 divide 48526370?
True
Is 11016 a factor of 1586458474?
False
Is 5251 a factor of 43730483?
False
Is 110 a factor of 391375050?
True
Does 94 divide 169273511?
False
Is 3886283487 a multiple of 51?
True
Does 447 divide 7915919?
False
Does 37 divide 126797636?
False
Does 54 divide 668783133?
False
Is 47 a factor of 69387040?
True
Does 4 divide 81729956?
True
Is 42 a factor of 4031645?
False
Is 6 a factor of 12936782?
False
Is 3651865 a multiple of 5?
True
Does 270 divide 59118019?
False
Is 16 a factor of 4831115010?
False
Is 31641743 a multiple of 7?
True
Is 7 a factor of 117776767?
False
Is 72262899 even?
False
Is 811 a factor of 56001172?
True
Is 398591662 a multiple of 89?
True
Is 336520267 a multiple of 1189?
False
Does 15 divide 82708597?
False
Is 1833178641 a multiple of 519?
False
Does 515 divide 1423124946?
False
Is 67 a factor of 29129322?
True
Is 533556504 a multiple of 216?
True
Is 1419 a factor of 1646719701?
True
Is 1022 a factor of 30673160?
False
Is 19 a factor of 211700069?
False
Is 175895800 a multiple of 1720?
True
Is 279956208 a multiple of 3217?
True
Does 207 divide 9120327?
False
Does 1857 divide 3274434841?
False
Is 125 a factor of 225732250?
True
Is 471164580 a multiple of 60?
True
Is 230 a factor of 202169080?
True
Does 256 divide 157347072?
True
Is 199 a factor of 520920276?
False
Does 55 divide 258655146?
False
Is 8574288 a multiple of 48?
True
Does 1702 divide 18754338?
True
Is 698212418 a multiple of 27?
False
Does 238 divide 34636628?
False
Is 6133 a factor of 545160141?
False
Does 1416 divide 12988968?
True
Is 76 a factor of 521444778?
False
Does 608 divide 25594976?
True
Is 104 a factor of 816955021?
False
Is 630 a factor of 66566430?
True
Is 3162243 a multiple of 11?
False
Is 1618964845 a multiple of 74?
False
Does 8082 divide 1419538644?
True
Is 151 a factor of 14594301?
True
Is 9 a factor of 1799100?
True
Is 12 a factor of 26474520?
True
Does 4 divide 349350548?
True
Does 28 divide 7367192?
True
Does 2185 divide 121301451?
False
Does 190 divide 442955930?
True
Does 5 divide 34255881?
False
Does 446 divide 2321430?
True
Does 2899 divide 8042168082?
True
Is 121 a factor of 151200569?
False
Does 1214 divide 122083482?
True
Is 75 a factor of 1335852821?
False
Is 522 a factor of 2128843603?
False
Does 37 divide 66506834?
True
Is 2956761 a multiple of 418?
False
Does 1332 divide 206281512?
True
Is 3579 a factor of 940435292?
False
Is 82007192 a multiple of 152?
True
Does 95 divide 153649986?
False
Does 13 divide 8196594?
False
Is 35198619 a multiple of 8?
False
Is 1291573832 a multiple of 2852?
True
Does 420 divide 64609440?
True
Is 15580158 a multiple of 1006?
False
Is 21 a factor of 504756?
True
Does 76 divide 91468128?
True
Is 13 a factor of 1216059638?
False
Is 134 a factor of 19609828?
True
Is 3186 a factor of 579734089?
False
Is 3591 a factor of 49634802?
True
Does 255 divide 415955490?
True
Is 4801768275 a multiple of 15?
True
Is 19863264 a multiple of 8?
True
Is 1185227058 a multiple of 15?
False
Is 21 a factor of 499254622?
False
Does 10 divide 76383060?
True
Does 46 divide 928871329?
False
Is 3411144 a multiple of 1298?
True
Is 128 a factor of 32181498?
False
Is 933981 a multiple of 3?
True
Does 271 divide 28885348?
True
Is 364031534 a multiple of 5198?
True
Is 131435052 a multiple of 588?
True
Does 168 divide 5300904?
True
Is 188299318 a multiple of 13?
False
Is 442 a factor of 169902179?
False
Does 3 divide 9776183?
False
Is 179401400 a multiple of 12?
False
Does 808 divide 19069608?
True
Does 1026 divide 43987698?
True
Is 10806386 a multiple of 6?
False
Does 18 divide 1038887?
False
Is 164 a factor of 401329088?